{"id":662,"date":"2026-02-07T16:35:26","date_gmt":"2026-02-07T15:35:26","guid":{"rendered":"https:\/\/cabri.eu\/?page_id=662"},"modified":"2026-02-07T16:35:40","modified_gmt":"2026-02-07T15:35:40","slug":"subsides-region-wallonne","status":"publish","type":"page","link":"https:\/\/cabri.eu\/index.php\/subsides-region-wallonne\/","title":{"rendered":"Subsides r\u00e9gion Wallonne"},"content":{"rendered":"\n<h2 class=\"wp-block-heading\">Quels sont les montants de l&rsquo;aide ?<\/h2>\n\n\n\n<p>Le dispositif fonctionne sur un syst\u00e8me de co-financement tr\u00e8s avantageux :<\/p>\n\n\n\n<ul class=\"wp-block-list\">\n<li><strong>Ch\u00e8que Cybers\u00e9curit\u00e9 :<\/strong> La Wallonie prend en charge <strong>75%<\/strong> de la facture HTVA. Vous ne payez que les 25% restants et la TVA (que vous r\u00e9cup\u00e9rez si vous y \u00eates assujetti).<\/li>\n<\/ul>\n\n\n\n<p><strong>Exemple concret :<\/strong> Pour un audit de 1 000 \u20ac, la R\u00e9gion Wallonne paie 750 \u20ac. Votre investissement r\u00e9el n&rsquo;est que de <strong>250 \u20ac<\/strong>.<\/p>\n","protected":false},"excerpt":{"rendered":"<p>Quels sont les montants de l&rsquo;aide ? Le dispositif fonctionne sur un syst\u00e8me de co-financement tr\u00e8s avantageux : Exemple concret : Pour un audit de 1 000 \u20ac, la R\u00e9gion Wallonne paie 750 \u20ac. Votre investissement r\u00e9el n&rsquo;est que de 250 \u20ac.<\/p>\n","protected":false},"author":5,"featured_media":0,"parent":0,"menu_order":0,"comment_status":"closed","ping_status":"closed","template":"","meta":{"footnotes":""},"class_list":["post-662","page","type-page","status-publish","hentry"],"_links":{"self":[{"href":"https:\/\/cabri.eu\/index.php\/wp-json\/wp\/v2\/pages\/662","targetHints":{"allow":["GET"]}}],"collection":[{"href":"https:\/\/cabri.eu\/index.php\/wp-json\/wp\/v2\/pages"}],"about":[{"href":"https:\/\/cabri.eu\/index.php\/wp-json\/wp\/v2\/types\/page"}],"author":[{"embeddable":true,"href":"https:\/\/cabri.eu\/index.php\/wp-json\/wp\/v2\/users\/5"}],"replies":[{"embeddable":true,"href":"https:\/\/cabri.eu\/index.php\/wp-json\/wp\/v2\/comments?post=662"}],"version-history":[{"count":2,"href":"https:\/\/cabri.eu\/index.php\/wp-json\/wp\/v2\/pages\/662\/revisions"}],"predecessor-version":[{"id":664,"href":"https:\/\/cabri.eu\/index.php\/wp-json\/wp\/v2\/pages\/662\/revisions\/664"}],"wp:attachment":[{"href":"https:\/\/cabri.eu\/index.php\/wp-json\/wp\/v2\/media?parent=662"}],"curies":[{"name":"wp","href":"https:\/\/api.w.org\/{rel}","templated":true}]}}